{"id":80,"date":"2025-04-23T07:11:57","date_gmt":"2025-04-23T07:11:57","guid":{"rendered":"https:\/\/dietesostenibili.dpss.psy.unipd.it\/dietesostenibili\/?page_id=80"},"modified":"2025-07-28T13:13:45","modified_gmt":"2025-07-28T13:13:45","slug":"call-for-papers","status":"publish","type":"page","link":"https:\/\/dietesostenibili.dpss.psy.unipd.it\/dietesostenibili\/index.php\/call-for-papers\/","title":{"rendered":"Call for papers"},"content":{"rendered":"\t\t<div data-elementor-type=\"wp-page\" data-elementor-id=\"80\" class=\"elementor elementor-80\">\n\t\t\t\t<div class=\"elementor-element elementor-element-2015bd6 e-flex e-con-boxed e-con e-parent\" data-id=\"2015bd6\" data-element_type=\"container\">\n\t\t\t\t\t<div class=\"e-con-inner\">\n\t\t\t\t\t<\/div>\n\t\t\t\t<\/div>\n\t\t<div class=\"elementor-element elementor-element-1ad77d4 e-flex e-con-boxed e-con e-parent\" data-id=\"1ad77d4\" data-element_type=\"container\">\n\t\t\t\t\t<div class=\"e-con-inner\">\n\t\t\t\t<div class=\"elementor-element elementor-element-caa16f6 elementor-widget elementor-widget-heading\" data-id=\"caa16f6\" data-element_type=\"widget\" data-widget_type=\"heading.default\">\n\t\t\t\t<div class=\"elementor-widget-container\">\n\t\t\t\t\t<h2 class=\"elementor-heading-title elementor-size-default\">Invia il tuo contributo<\/h2>\t\t\t\t<\/div>\n\t\t\t\t<\/div>\n\t\t\t\t<div class=\"elementor-element elementor-element-b169875 elementor-widget-divider--view-line_icon elementor-view-default elementor-widget-divider--element-align-center elementor-widget elementor-widget-divider\" data-id=\"b169875\" data-element_type=\"widget\" data-widget_type=\"divider.default\">\n\t\t\t\t<div class=\"elementor-widget-container\">\n\t\t\t\t\t\t\t<div class=\"elementor-divider\">\n\t\t\t<span class=\"elementor-divider-separator\">\n\t\t\t\t\t\t\t<div class=\"elementor-icon elementor-divider__element\">\n\t\t\t\t\t<svg aria-hidden=\"true\" class=\"e-font-icon-svg e-fas-tree\" viewBox=\"0 0 384 512\" xmlns=\"http:\/\/www.w3.org\/2000\/svg\"><path d=\"M378.31 378.49L298.42 288h30.63c9.01 0 16.98-5 20.78-13.06 3.8-8.04 2.55-17.26-3.28-24.05L268.42 160h28.89c9.1 0 17.3-5.35 20.86-13.61 3.52-8.13 1.86-17.59-4.24-24.08L203.66 4.83c-6.03-6.45-17.28-6.45-23.32 0L70.06 122.31c-6.1 6.49-7.75 15.95-4.24 24.08C69.38 154.65 77.59 160 86.69 160h28.89l-78.14 90.91c-5.81 6.78-7.06 15.99-3.27 24.04C37.97 283 45.93 288 54.95 288h30.63L5.69 378.49c-6 6.79-7.36 16.09-3.56 24.26 3.75 8.05 12 13.25 21.01 13.25H160v24.45l-30.29 48.4c-5.32 10.64 2.42 23.16 14.31 23.16h95.96c11.89 0 19.63-12.52 14.31-23.16L224 440.45V416h136.86c9.01 0 17.26-5.2 21.01-13.25 3.8-8.17 2.44-17.47-3.56-24.26z\"><\/path><\/svg><\/div>\n\t\t\t\t\t\t<\/span>\n\t\t<\/div>\n\t\t\t\t\t\t<\/div>\n\t\t\t\t<\/div>\n\t\t\t\t<div class=\"elementor-element elementor-element-3534ef5 elementor-widget elementor-widget-heading\" data-id=\"3534ef5\" data-element_type=\"widget\" data-widget_type=\"heading.default\">\n\t\t\t\t<div class=\"elementor-widget-container\">\n\t\t\t\t\t<h2 class=\"elementor-heading-title elementor-size-default\">Area tematica<\/h2>\t\t\t\t<\/div>\n\t\t\t\t<\/div>\n\t\t\t\t<div class=\"elementor-element elementor-element-bd5fac8 elementor-widget elementor-widget-text-editor\" data-id=\"bd5fac8\" data-element_type=\"widget\" data-widget_type=\"text-editor.default\">\n\t\t\t\t<div class=\"elementor-widget-container\">\n\t\t\t\t\t\t\t\t\t<p>Questo congresso intende raccogliere contributi scientifici mirati a indagare e promuovere scelte alimentari sane e sostenibili. Saranno accolti con interesse lavori che approfondiscano il ruolo delle differenze individuali, delle emozioni e motivazioni nell\u2019adozione di diete sostenibili, della comunicazione persuasiva, della digitalizzazione e delle influenze sociali e territoriali. Si valorizzeranno approcci interdisciplinari che integrano psicologia sociale, della salute e di comunit\u00e0, economia agraria, marketing e politiche pubbliche, con particolare attenzione all\u2019applicazione di nuove tecnologie e metodi, nonch\u00e9 allo studio di cibi sostenibili innovativi.<\/p>\t\t\t\t\t\t\t\t<\/div>\n\t\t\t\t<\/div>\n\t\t\t\t<div class=\"elementor-element elementor-element-52c0f34 elementor-widget elementor-widget-heading\" data-id=\"52c0f34\" data-element_type=\"widget\" data-widget_type=\"heading.default\">\n\t\t\t\t<div class=\"elementor-widget-container\">\n\t\t\t\t\t<h2 class=\"elementor-heading-title elementor-size-default\">Modalit\u00e0 di presentazione delle proposte di contributo<\/h2>\t\t\t\t<\/div>\n\t\t\t\t<\/div>\n\t\t\t\t<div class=\"elementor-element elementor-element-cf18baa elementor-widget elementor-widget-text-editor\" data-id=\"cf18baa\" data-element_type=\"widget\" data-widget_type=\"text-editor.default\">\n\t\t\t\t<div class=\"elementor-widget-container\">\n\t\t\t\t\t\t\t\t\t<p>I lavori del Congresso si articoleranno in comunicazioni orali e poster.<br \/>Ogni partecipante pu\u00f2 comparire come primo nome o relatore in massimo due contributi.<br \/>Le proposte saranno valutate dal Comitato Scientifico, il quale si riserva il diritto di stabilire l&#8217;area tematica in cui il lavoro si inserisce e di modificare la proposta delle modalit\u00e0 di presentazione.<br \/>Le proposte di contributo prevedono la stesura di un abstract, <a href=\"https:\/\/docs.google.com\/forms\/d\/e\/1FAIpQLSfcOGpxacGAW8DiK-IpZA0dnQpCBCYOTEke-l8i5JD6KI80cg\/viewform\"><span style=\"text-decoration: underline;\">da inviare attraverso la compilazione di questo form<\/span><\/a>:<br \/>Il testo di tutti gli abstract, scritto in italiano, deve contenere max 300 parole e negli appositi campi dovranno essere inseriti: formato (comunicazione orale o poster), titolo del contributo, nome e cognome di ogni autore, affiliazione, indirizzo e-mail del primo autore e testo dell\u2019abstract. Il testo dell&#8217;abstract dovr\u00e0 contenere un&#8217;introduzione con la presentazione del tema e degli obiettivi della ricerca; una sezione metodologica, il campione, il disegno sperimentale, gli strumenti di misurazione e le analisi statistiche effettuate; una sintesi dei principali risultati ottenuti o, eventualmente, dei risultati preliminari; e infine, conclusioni che illustrino le implicazioni derivanti dallo studio.<br \/>Il tempo a disposizione per ogni comunicazione orale sar\u00e0 di 10 minuti.<br \/>I poster saranno discussi in sessioni interattive e non prevedono la presentazione orale del contributo. La stampa del Poster dovr\u00e0 avere le seguenti dimensioni: 70 cm x 90 cm (orientamento verticale). Sar\u00e0 assegnato un premio al miglior poster presentato durante il Congresso. La selezione avverr\u00e0 nel corso della sessione poster attraverso la votazione di tutti i partecipanti.<\/p><p><a href=\"https:\/\/docs.google.com\/forms\/d\/e\/1FAIpQLSfcOGpxacGAW8DiK-IpZA0dnQpCBCYOTEke-l8i5JD6KI80cg\/viewform\"><span style=\"text-decoration: underline;\">CLICCA QUI PER INVIARE IL TUO CONTRIBUTO<\/span><\/a><\/p>\t\t\t\t\t\t\t\t<\/div>\n\t\t\t\t<\/div>\n\t\t\t\t<div class=\"elementor-element elementor-element-21ff9da elementor-widget elementor-widget-heading\" data-id=\"21ff9da\" data-element_type=\"widget\" data-widget_type=\"heading.default\">\n\t\t\t\t<div class=\"elementor-widget-container\">\n\t\t\t\t\t<h2 class=\"elementor-heading-title elementor-size-default\">Cena sociale<\/h2>\t\t\t\t<\/div>\n\t\t\t\t<\/div>\n\t\t\t\t<div class=\"elementor-element elementor-element-32bd2a3 elementor-widget elementor-widget-text-editor\" data-id=\"32bd2a3\" data-element_type=\"widget\" data-widget_type=\"text-editor.default\">\n\t\t\t\t<div class=\"elementor-widget-container\">\n\t\t\t\t\t\t\t\t\t<p>\u00c8 prevista una cena sociale la sera del 18 settembre. Seguiranno ulteriori informazioni. La partecipazione sar\u00e0 a carico dei singoli partecipanti.<\/p>\t\t\t\t\t\t\t\t<\/div>\n\t\t\t\t<\/div>\n\t\t\t\t<div class=\"elementor-element elementor-element-3907104 elementor-widget elementor-widget-heading\" data-id=\"3907104\" data-element_type=\"widget\" data-widget_type=\"heading.default\">\n\t\t\t\t<div class=\"elementor-widget-container\">\n\t\t\t\t\t<h2 class=\"elementor-heading-title elementor-size-default\">Scadenze<\/h2>\t\t\t\t<\/div>\n\t\t\t\t<\/div>\n\t\t\t\t<div class=\"elementor-element elementor-element-0d3ac5b elementor-widget elementor-widget-text-editor\" data-id=\"0d3ac5b\" data-element_type=\"widget\" data-widget_type=\"text-editor.default\">\n\t\t\t\t<div class=\"elementor-widget-container\">\n\t\t\t\t\t\t\t\t\t<p>&#8211; Invio contributi: entro <strong>il 10 giugno 2025<\/strong>.<br \/>&#8211; Comunicazione dell\u2019accettazione dei contributi al proponente: entro il<strong> 6 luglio 2025<\/strong>.<br \/>&#8211; L\u2019accettazione definitiva dei contributi e il loro inserimento nel programma richiedono l\u2019iscrizione di almeno un autore entro il <strong>21\u00a0luglio 2025<\/strong>.<\/p>\t\t\t\t\t\t\t\t<\/div>\n\t\t\t\t<\/div>\n\t\t\t\t<div class=\"elementor-element elementor-element-695b3fc elementor-widget elementor-widget-heading\" data-id=\"695b3fc\" data-element_type=\"widget\" data-widget_type=\"heading.default\">\n\t\t\t\t<div class=\"elementor-widget-container\">\n\t\t\t\t\t<h2 class=\"elementor-heading-title elementor-size-default\">Iscrizione<\/h2>\t\t\t\t<\/div>\n\t\t\t\t<\/div>\n\t\t\t\t<div class=\"elementor-element elementor-element-03244f7 elementor-widget elementor-widget-text-editor\" data-id=\"03244f7\" data-element_type=\"widget\" data-widget_type=\"text-editor.default\">\n\t\t\t\t<div class=\"elementor-widget-container\">\n\t\t\t\t\t\t\t\t\t<p>Per partecipare al congresso, vi preghiamo di <a href=\"https:\/\/docs.google.com\/forms\/d\/e\/1FAIpQLSfI_WLVME-YVP6aeMXYqJa4iYv-VMlxaKU4QGuPAD_qTauMwQ\/viewform\"><span style=\"text-decoration: underline;\">iscriversi utilizzando questo form<\/span><\/a>.<\/p>\t\t\t\t\t\t\t\t<\/div>\n\t\t\t\t<\/div>\n\t\t\t\t<div class=\"elementor-element elementor-element-3794dbf elementor-widget elementor-widget-heading\" data-id=\"3794dbf\" data-element_type=\"widget\" data-widget_type=\"heading.default\">\n\t\t\t\t<div class=\"elementor-widget-container\">\n\t\t\t\t\t<h2 class=\"elementor-heading-title elementor-size-default\">Contatti<\/h2>\t\t\t\t<\/div>\n\t\t\t\t<\/div>\n\t\t\t\t<div class=\"elementor-element elementor-element-ae75c0a elementor-widget elementor-widget-text-editor\" data-id=\"ae75c0a\" data-element_type=\"widget\" data-widget_type=\"text-editor.default\">\n\t\t\t\t<div class=\"elementor-widget-container\">\n\t\t\t\t\t\t\t\t\t<p>Per ulteriori informazioni, visita la nostra <a href=\"https:\/\/dietesostenibili.dpss.psy.unipd.it\/dietesostenibili\/\"><span style=\"text-decoration: underline;\">webpage<\/span><\/a> o contatta il Comitato Scientifico all\u2019indirizzo <a href=\"mailto:dietesostenibili@gmail.com\"><span style=\"text-decoration: underline;\">dietesostenibili@gmail.com<\/span><\/a><\/p>\t\t\t\t\t\t\t\t<\/div>\n\t\t\t\t<\/div>\n\t\t\t\t\t<\/div>\n\t\t\t\t<\/div>\n\t\t\t\t<\/div>\n\t\t","protected":false},"excerpt":{"rendered":"<p>Invia il tuo contributo Area tematica Questo congresso intende raccogliere contributi scientifici mirati a indagare e promuovere scelte alimentari sane e sostenibili. Saranno accolti con interesse lavori che approfondiscano il ruolo delle differenze individuali, delle emozioni e motivazioni nell\u2019adozione di diete sostenibili, della comunicazione persuasiva, della digitalizzazione e delle influenze sociali e territoriali. Si valorizzeranno [&hellip;]<\/p>\n","protected":false},"author":2,"featured_media":0,"parent":0,"menu_order":0,"comment_status":"closed","ping_status":"closed","template":"","meta":{"footnotes":""},"class_list":["post-80","page","type-page","status-publish","hentry"],"_links":{"self":[{"href":"https:\/\/dietesostenibili.dpss.psy.unipd.it\/dietesostenibili\/index.php\/wp-json\/wp\/v2\/pages\/80","targetHints":{"allow":["GET"]}}],"collection":[{"href":"https:\/\/dietesostenibili.dpss.psy.unipd.it\/dietesostenibili\/index.php\/wp-json\/wp\/v2\/pages"}],"about":[{"href":"https:\/\/dietesostenibili.dpss.psy.unipd.it\/dietesostenibili\/index.php\/wp-json\/wp\/v2\/types\/page"}],"author":[{"embeddable":true,"href":"https:\/\/dietesostenibili.dpss.psy.unipd.it\/dietesostenibili\/index.php\/wp-json\/wp\/v2\/users\/2"}],"replies":[{"embeddable":true,"href":"https:\/\/dietesostenibili.dpss.psy.unipd.it\/dietesostenibili\/index.php\/wp-json\/wp\/v2\/comments?post=80"}],"version-history":[{"count":43,"href":"https:\/\/dietesostenibili.dpss.psy.unipd.it\/dietesostenibili\/index.php\/wp-json\/wp\/v2\/pages\/80\/revisions"}],"predecessor-version":[{"id":747,"href":"https:\/\/dietesostenibili.dpss.psy.unipd.it\/dietesostenibili\/index.php\/wp-json\/wp\/v2\/pages\/80\/revisions\/747"}],"wp:attachment":[{"href":"https:\/\/dietesostenibili.dpss.psy.unipd.it\/dietesostenibili\/index.php\/wp-json\/wp\/v2\/media?parent=80"}],"curies":[{"name":"wp","href":"https:\/\/api.w.org\/{rel}","templated":true}]}}